f i and 2.
2
Let p(w) = 4*w**2 + 10*w + 6. Let v be p(-8). Let x = -56 + v. What is the greatest common factor of 14 and x?
14
Suppose 68 = 3*k + 8. Let n = k + -13. Calculate the highest common factor of 7 and n.
7
Let m be ((-165)/20)/((-3)/8). Calculate the greatest common divisor of m and 2.
2
Suppose -616 = -0*g - 8*g. What is the greatest common factor of 7 and g?
7
Let b be (-927)/(-27) + (-2)/6. What is the greatest common factor of b and 85?
17
Let q(x) = -x + 7. Let b be q(5). Let j = -139 - -247. Suppose 0 = 4*w - b*g - 242, 33 + j = 2*w + 3*g. What is the greatest common divisor of w and 9?
9
Let x(s) = s. Let y be x(3). Suppose 0 = 3*a + y*o + 9, -3*a = -5*a + 2*o + 10. Let g be 0/(-1) - a - -8. Calculate the greatest common divisor of 28 and g.
7
Let q = 36 + -30. Suppose 4*m - 96 = 4*i, -5*m + 3 + 117 = 5*i. Calculate the greatest common factor of m and q.
6
Let s be -1 + 2 + -3 - -27. Suppose -3*q + s - 1 = 0. What is the greatest common factor of q and 1?
1
Let f(o) = 109*o + 1. Let h be f(1). Let x(s) = 3*s - 50. Let r be x(20). What is the highest common divisor of r and h?
10
Let v be (-1)/(-3) + (-104)/24 - -6. Calculate the greatest common factor of v and 18.
2
Suppose d + 12 = 4*x, 0*d - 3*x + 55 = 5*d. Calculate the greatest common divisor of 20 and d.
4
Suppose 0*n + l - 229 = -4*n, 3*n - 5*l - 166 = 0. Let k = n - 133. Let b = k - -153. Calculate the highest common divisor of 7 and b.
7
Let j = 124 - 68. Calculate the highest common factor of 7 and j.
7
Let y be 19 - 2 - 3 - (-4)/(-2). What is the greatest common divisor of 8 and y?
4
Let l(m) = -2*m**2 + 2*m**2 + 4*m**3 - 5*m**2 + 4*m**2. Let u be l(1). Suppose 0 = 8*r - u*r - 15. Calculate the highest common divisor of 33 and r.
3
Suppose -5*u + 3*u + 50 = 0. Suppose 0*i + 2*i + 1115 = 5*w, -4*w + 880 = -4*i. What is the greatest common divisor of u and w?
25
Let x = 19 + -18. What is the greatest common factor of 5 and x?
1
Let t = 13 + 22. Let f = -106 + 113. What is the greatest common divisor of f and t?
7
Let j = 77 - 35. Calculate the highest common factor of j and 14.
14
Let t = -88 + 93. Suppose 5*s - s - 80 = 0. Calculate the highest common factor of s and t.
5
Suppose -4*n - 5 = n. Let d(h) = 9*h**2 - 1. Let u be d(n). Calculate the greatest common factor of 20 and u.
4
Let u(i) = -i**2 + 13*i - 7. Let x be u(5). What is the greatest common factor of 33 and x?
33
Suppose 0 = -20*h + 23*h - 63. Calculate the greatest common divisor of 21 and h.
21
Let s(i) = 25*i**3 - i**2 + 2. Let a be s(2). Calculate the greatest common factor of a and 18.
18
Suppose -u = -4*s - 8 + 1, 0 = 5*u + 4*s + 85. Let o(j) = -j**3 - 13*j**2 - 9*j + 9. Let f be o(u). What is the highest common factor of 18 and f?
18
Suppose -7 = 4*l + 1. Let c be ((-2)/(-5))/((-2)/10) + 0. Let u be (-1)/l*(c - -30). What is the highest common factor of 14 and u?
14
Let p be (-4)/(-3)*3/2. Let m be -3 + (p + 0 - 5). Let o be (-4)/(-6) + (-32)/m. What is the greatest common divisor of 24 and o?
6
Suppose -4*d = -8 - 48. Let r be (-6)/21 + 32/d. Suppose r*s - 181 = -11. What is the highest common divisor of s and 17?
17
Suppose 3*h - 5*q = 18, 2*h - q - 8 = q. Let d be h/(3/6) + 9. What is the greatest common factor of d and 55?
11
Suppose m + 3*m = i - 107, -m = -4*i + 398. Suppose -d + 30 = 3*a, -28 = -5*a - 5*d + 12. What is the highest common factor of a and i?
11
Let p be ((-18)/(-63))/(1/7). Suppose -3 = p*q - 29. Calculate the greatest common factor of q and 52.
13
Suppose 0 = -4*x + 12, 2*x = 4*k - 3*x - 45. Calculate the greatest common divisor of 45 and k.
15
Let p(d) = 9*d - 8. Let q be p(-4). Suppose 4*g + o - 243 = 12, -5*g = -5*o - 325. Let b = q + g. Calculate the greatest common divisor of b and 30.
10
Let l = -102 + 222. Let z = 45 - 30. What is the highest common factor of z and l?
15
Suppose -2*h = 3*h - 100. Calculate the highest common factor of 5 and h.
5
Let w(m) = -2*m**3 - 3*m**2 + 5*m + 3*m**3 + 2*m**2 + 5 + 8*m**2. Let z be w(-6). Calculate the greatest common divisor of 55 and z.
11
Suppose 14*f - 142 - 138 = 0. Let a(v) = -31*v + 5. Let r be a(-5). What is the greatest common divisor of f and r?
20
Let w = 9 - 4. Suppose -w*b - 49 = -4*l, 5*l - 5*b = -4*b + 35. What is the greatest common divisor of 42 and l?
6
Let z(y) = 2 + 4 + 7*y - 7. Let b = -82 - -83. Let o be z(b). Calculate the greatest common factor of 4 and o.
2
Let p be -1 + 4 + (3 - -11). Suppose x - p = 11. Calculate the greatest common divisor of x and 4.
4
Suppose 0 = -q + 6 + 38. Let i be -2 + 2 + (-1 - -5). Calculate the greatest common factor of q and i.
4
Suppose 4*a - 27 = -3. Let v be 12/(6/4 - 1). Calculate the greatest common factor of a and v.
6
Suppose 0 = 3*o - o - 86. Suppose 3*y + 2*y = -h + 77, -3*y + h + o = 0. Let a be (1 - -1) + (1 - -7). Calculate the greatest common divisor of y and a.
5
Let z(s) = -s**3 + 10*s**2 + 4*s - 12. Let v be z(10). Let d = -5 + v. Suppose -b = -0*b - d. Calculate the highest common divisor of b and 46.
23
Let d be -4 - ((-35)/(-5))/(1 - 2). What is the greatest common divisor of d and 6?
3
Let p be (4 - (0 - -1)) + 1. Let o(z) = 2*z**3 - 22*z**2 + 4*z - 12. Let r be o(11). What is the highest common divisor of p and r?
4
Suppose 3*k - 5 + 3 = u, -5*k = -2*u - 2. Suppose 17 = 4*z - f, -8 = -k*z - f - 1. Let a be ((-22)/8)/(6/(-96)). What is the highest common divisor of a and z?
4
Let u(k) = -9*k**2 + 6 - 4 + 2*k**3 - 2 + 5 - 9*k. Let c be u(7). What is the greatest common factor of c and 17?
17
Let v(c) = 4*c**2 - 5*c - 3. Let f = 10 + -5. Let r be v(f). Calculate the highest common divisor of r and 9.
9
Let w be -2*(-3)/(-15)*-5. Suppose 3*n + n - h + 6 = 0, w*n - 2*h = -6. Let k be -1*n/((-1)/(-9)). Calculate the highest common divisor of 9 and k.
9
Let a be 6/(-18) - 55/(-3). Suppose -15 - a = -3*o. What is the greatest common factor of 11 and o?
11
Suppose -o = -1, -573 = -5*g - 5*o + 37. What is the greatest common divisor of g and 11?
11
Suppose -c = -6*c + 65. Calculate the highest common divisor of 26 and c.
13
Let v = 26 + -16. Calculate the highest common divisor of 4 and v.
2
Let m be 19 + 2*(-1)/(-2). Suppose 0 = -3*v - v + m. Let w = 13 - v. What is the highest common factor of 32 and w?
8
Let t(m) = -2*m - 9. Let w be (-18)/(-12) + 30/(-4). Let g be t(w). Let p = g + 5. Calculate the highest common factor of 12 and p.
4
Let s(j) = -3*j - 7. Let u be s(-7). Calculate the greatest common factor of 35 and u.
7
Let r be 5/(-5) + (4 - -21). Let d(z) = -25*z - 1. Let b be d(-1). Calculate the greatest common factor of r and b.
24
Let i = 6 - 5. Let y be 1/((2 + 1)/(-9)). Let q = 2 - y. Calculate the highest common divisor of i and q.
1
Let o = 54 - 30. Calculate the highest common divisor of 36 and o.
12
Suppose -5*m + 0*m = 0. Suppose -l - 5*s = 0, 2*s + 2 = -m. Calculate the highest common factor of l and 25.
5
Suppose 5*d = -10, s - 19 = 5*d + 9. Calculate the greatest common divisor of s and 45.
9
Let w be (-6)/36 - (-866)/12. Calculate the greatest common divisor of w and 18.
18
Let s = 32 - -22. Calculate the highest common factor of 81 and s.
27
Let o = 63 - 37. Calculate the highest common factor of o and 104.
26
Suppose 0*r + r = -x + 115, 4*r = x + 435. Suppose 0*b + 2*b = 20. What is the highest common divisor of b and r?
10
Let c(v) = v + 4. Let y be c(-3). Let z = 2 + y. Let k(t) = 4*t**2 - 2*t. Let g be k(z). Calculate the highest common factor of g and 45.
15
Let s be 13*(6 + 20/(-5)). Calculate the highest common divisor of 13 and s.
13
Let d be (-1678)/12 - (-1)/(-6). Let q be ((-2)/(-5))/((-7)/d). Calculate the greatest common divisor of 4 and q.
4
Suppose 0 = 13*j - 15*j + 14. What is the greatest common divisor of 21 and j?
7
Let w = -2 + -9. Let y be (-2)/w + (-42)/(-11). Let f(n) = n**2 - n + 3. Let q be f(y). What is the highest common factor of 10 and q?
5
Let i = 111 - -89. What is the greatest common factor of i and 50?
50
Suppose 0 = -t - 5*q - 0 - 5, q + 85 = 4*t. Calculate the greatest common factor of 130 and t.
10
Let v(s) = -s**3 + 11*s**2 - 11*s - 27. Let f be v(9). Let b(d) = -d**3 + 2*d**2 + 4*d + 1. Let c be b(3). What is the greatest common factor of f and c?
4
Suppose -k + 3 = -0, m = -2*k + 86. Calculate the hig